hat is -324 (base 15) in base 7?
-2032
Convert 2a3 (base 16) to base 15.
300
What is -d67 (base 14) in base 12?
-163b
-205 (base 12) to base 14
-16d
-110000021 (base 3) to base 4
-2020303
-215 (base 6) to base 16
-53
Convert 112011020 (base 3) to base 6.
115440
Convert 913 (base 14) to base 3.
2102222
What is -204243 (base 5) in base 3?
-100100201
-88 (base 15) to base 11
-107
What is 133300 (base 5) in base 7?
21614
What is 5362 (base 8) in base 12?
1756
What is 1112 (base 4) in base 13?
68
74c5 (base 15) to base 16
6086
-215 (base 14) to base 4
-12123
-616c (base 13) to base 6
-142121
6148 (base 13) to base 9
20351
1011011011111 (base 2) to base 14
21c3
What is 1110101110 (base 2) in base 12?
666
What is -150210 (base 6) in base 5?
-424314
What is -6603 (base 9) in base 8?
-11377
ca0a (base 13) to base 7
144551
-1349 (base 10) to base 6
-10125
What is -124413 (base 6) in base 12?
-6709
What is -2223 (base 5) in base 2?
-100111001
What is -2777 (base 13) in base 9?
-7705
22301332 (base 4) to base 13
1713a
What is -1434 (base 8) in base 12?
-564
66c8 (base 14) to base 9
26385
31362 (base 9) to base 7
114245
What is 1861 (base 16) in base 11?
4764
-424303 (base 5) to base 7
-56526
14945 (base 11) to base 12
10267
Convert -10039 (base 12) to base 11.
-14682
213 (base 7) to base 15
73
-25312 (base 6) to base 7
-14021
Convert 652 (base 16) to base 8.
3122
What is -1178 (base 11) in base 12?
-a81
Convert -19d4 (base 16) to base 5.
-202422
Convert -294 (base 13) to base 5.
-3314
What is 4a15 (base 15) in base 7?
63656
Convert 2113022 (base 4) to base 15.
2cee
-2316 (base 8) to base 6
-5410
Convert -21076 (base 8) to base 5.
-240031
1001011101011 (base 2) to base 13
2287
Convert 4c38 (base 16) to base 6.
230200
What is -7a5 (base 15) in base 9?
-2332
What is 10286 (base 9) in base 2?
1101010010001
718 (base 13) to base 8
2264
-10020202 (base 3) to base 6
-14545
What is 23021 (base 4) in base 5?
10323
-4222412 (base 5) to base 15
-15ca7
Convert -10023321 (base 4) to base 16.
-42f9
What is -3223111 (base 4) in base 16?
-3ad5
What is 2341 (base 5) in base 13?
208
Convert 8926 (base 10) to base 2.
10001011011110
-455 (base 10) to base 9
-555
7a8 (base 12) to base 9
1502
-4174 (base 12) to base 15
-21b4
What is -48c3 (base 16) in base 11?
-12aa4
What is -227255 (base 8) in base 13?
-29365
What is -11100010011011 (base 2) in base 7?
-60151
Convert -3413124 (base 5) to base 8.
-165776
What is -169 (base 14) in base 11?
-243
What is 3041 (base 11) in base 12?
2406
Convert 20042 (base 12) to base 5.
2312042
Convert -153 (base 6) to base 16.
-45
2020333 (base 4) to base 12
50a7
What is 424414 (base 5) in base 14?
5339
Convert 534 (base 12) to base 9.
1034
2234 (base 12) to base 9
5164
What is 31153 (base 6) in base 15?
1383
-3107 (base 12) to base 3
-21022121
What is -26727 (base 9) in base 10?
-18088
What is 552323 (base 6) in base 12?
226a3
393 (base 15) to base 13
4a7
-951c (base 13) to base 16
-50a3
What is -534410 (base 6) in base 5?
-2400112
What is 8ae (base 15) in base 12?
1178
6060 (base 8) to base 6
22240
What is -305 (base 14) in base 10?
-593
100112 (base 3) to base 14
145
30212 (base 7) to base 15
2275
Convert -106532 (base 7) to base 14.
-6d89
What is -1231 (base 4) in base 12?
-91
Convert -101100010010010 (base 2) to base 11.
-16043
Convert -8ea (base 16) to base 10.
-2282
-5054 (base 7) to base 3
-2101222
What is 1df (base 16) in base 13?
2ab
What is -25444 (base 11) in base 7?
-211216
What is 11060 (base 7) in base 14?
1030
-302213 (base 4) to base 7
-12305
What is fea (base 16) in base 4?
333222
2b3b (base 15) to base 12
5455
-5a84 (base 13) to base 9
-18473
Convert -705 (base 9) to base 11.
-480
What is -10769 (base 12) in base 14?
-7d4d
Convert 31131201 (base 4) to base 15.
1150c
Convert -100010010 (base 2) to base 3.
-101011
Convert 1012313 (base 4) to base 15.
1525
Convert -11000110 (base 2) to base 8.
-306
Convert 1151 (base 10) to base 5.
14101
279 (base 10) to base 3
101100
Convert -115356 (base 7) to base 8.
-51167
120222 (base 6) to base 5
313304
Convert -b30 (base 14) to base 3.
-10000102
What is 1101100011110 (base 2) in base 9?
10463
-718 (base 9) to base 15
-28e
-622 (base 9) to base 4
-13322
Convert -41005 (base 8) to base 14.
-6233
What is -12443 (base 5) in base 7?
-2624
Convert 345 (base 14) to base 4.
22021
Convert -8d83 (base 16) to base 2.
-1000110110000011
Convert -d0c (base 15) to base 6.
-21333
What is -120b (base 15) in base 4?
-323330
Convert -144 (base 5) to base 14.
-37
What is 11012202 (base 3) in base 6?
22115
Convert 231 (base 8) to base 5.
1103
What is 112212 (base 3) in base 6?
1505
What is -7ae (base 15) in base 9?
-2342
What is -10011011110111 (base 2) in base 13?
-4704
Convert 525 (base 13) to base 7.
2361
What is -1673b (base 12) in base 2?
-111110110011111
Convert -120111012 (base 3) to base 13.
-51a7
-2683 (base 10) to base 2
-101001111011
What is b74 (base 12) in base 10?
1672
What is a7a5 (base 16) in base 12?
20a05
1200003 (base 4) to base 9
8380
-112212222 (base 3) to base 15
-3338
Convert 130353 (base 6) to base 5.
334210
Convert -245 (base 15) to base 8.
-1003
Convert -a (base 14) to base 9.
-11
12243 (base 5) to base 9
1263
Convert -14042 (base 5) to base 4.
-101323
Convert -1221120021 (base 3) to base 9.
-57507
1011010000011 (base 2) to base 5
141023
49356 (base 10) to base 4
30003030
Convert 20012 (base 5) to base 7.
3444
What is 111011000 (base 2) in base 6?
2104
Convert 111111011 (base 2) to base 4.
13323
What is 11455 (base 6) in base 3?
2022122
What is -13000 (base 5) in base 15?
-46a
Convert 136 (base 14) to base 13.
15a
What is 27226 (base 8) in base 9?
17321
Convert 1a3 (base 14) to base 4.
11103
Convert 111053 (base 6) to base 12.
5489
-10101 (base 6) to base 16
-535
-1001101110111 (base 2) to base 6
-35023
What is 21c (base 13) in base 8?
553
Convert -30c (base 15) to base 3.
-221110
Convert -94c5 (base 15) to base 11.
-21700
1f70 (base 16) to base 4
1331300
What is 193 (base 14) in base 6?
1301
-10010000100000000 (base 2) to base 5
-4331414
Convert 2042 (base 5) to base 8.
420
-120110 (base 4) to base 13
-929
What is -21221 (base 5) in base 10?
-1436
What is -182 (base 15) in base 13?
-209
-2104340 (base 5) to base 10
-34970
What is -74 (base 13) in base 10?
-95
-259 (base 11) to base 15
-156
560 (base 14) to base 12
748
What is 111111001110 (base 2) in base 5?
112141
What is 101001 (base 4) in base 2?
10001000001
Convert 2334 (base 5) to base 14.
1a8
Convert 430404 (base 5) to base 6.
151011
What is -1e3 (base 16) in base 5?
-3413
Convert -212011 (base 3) to base 14.
-329
Convert b10 (base 15) to base 13.
1197
What is 15687 (base 9) in base 11?
8102
Convert -351 (base 15) to base 3.
-1000211
433 (base 6) to base 10
165
Convert d37 (base 16) to base 15.
1008
What is -1110001011 (base 2) in base 3?
-1020121
What is 3665 (base 13) in base 3?
101112202
What is 1010111010011 (base 2) in base 13?
270a
Convert -4435 (base 8) to base 6.
-14445
-8400 (base 12) to base 13
-6729
What is 3704 (base 12) in base 2?
1100000110100
Convert 58 (base 16) to base 15.
5d
Convert 30032 (base 4) to base 8.
1416
Convert 42f (base 16) to base 6.
4543
What is -12664 (base 9) in base 14?
-3199
Convert -2226 (base 11) to base 8.
-5564
What is -81409 (base 10) in base 4?
-103320001
-1066 (base 8) to base 5
-4231
What is 1312004 (base 5) in base 10?
25879
What is 5280 (base 9) in base 12?
22b3
10110110011 (base 2) to base 6
10431
10339 (base 10) to base 7
42100
206a2 (base 11) to base 12
15520
1eaa (base 16) to base 10
7850
-5dd9 (base 14) to base 8
-40113
What is -59 (base 16) in base 14?
-65
-112331 (base 4) to base 7
-4166
4981 (base 14) to base 10
12853
Convert 1201010201 (base 3) to base 2.
1000001101100010
Convert 1010010111 (base 2) to base 13.
3c0
Convert -15125 (base 6) to base 13.
-114b
Convert 14b1 (base 12) to base 2.
100110000101
-21501 (base 6) to base 4
-232231
What is -243 (base 11) in base 2?
-100100001
What is 1400 (base 14) in base 9?
4750
Convert -10101211 (base 3) to base 13.
-1189
What is 899 (base 11) in base 13?
64a
What is 1a01 (base 12) in base 14?
1225
3201021 (base 4) to base 5
430114
-121020 (base 4) to base 9
-2176
Convert -120d (base 14) to base 11.
-2403
What is 1210 (base 7) in